is divided by 10.
9
Let k(x) = 12*x**2 - 5*x - 15. Calculate the remainder when k(4) is divided by 40.
37
Suppose -5*b = 3*x + x - 39, -3*x + 34 = -b. What is the remainder when 30 is divided by x?
8
Let h = 58 - 41. Calculate the remainder when h is divided by 12.
5
Let w(c) = 6*c + 0 - c**2 + 0*c + 3*c - 3. Let l be w(8). Suppose 0 = l*y - 4*i - 144, -2*y + 16 = -5*i - 45. What is the remainder when y is divided by 10?
8
Suppose -w + 27 = p + 3*p, 4*w - 95 = -3*p. Suppose -5*o + w = b - 42, -3*o = b - 41. Suppose 6*a - a - 115 = 0. What is the remainder when a is divided by o?
11
Let m(z) = 2*z + 1. Let u be m(2). Suppose -2 = -u*s + 23. What is the remainder when s is divided by 2?
1
Let m = -86 + 166. Calculate the remainder when m is divided by 21.
17
Let q = 15 - 36. Let v be q/(-9)*(0 - -9). Calculate the remainder when 11 is divided by v/15*(6 - 1).
4
Calculate the remainder when (-6)/(-4) - (-1)/((-8)/(-164)) is divided by 5.
2
Suppose 5*p + 3*t - 16 = 0, -3*p - t + 11 - 3 = 0. Let q be 2/(-6) - (-255)/9. Suppose 0*y - q = -p*y. What is the remainder when y is divided by 4?
2
Let l be 9 + (6/1)/(-2). Let m = 13 - l. Calculate the remainder when m is divided by 3.
1
Suppose -4*m = u + 3*u - 108, 5*m = -3*u + 125. What is the remainder when m is divided by 8?
6
Suppose 5*r + 4*x - 295 = 0, 0*x + x = -3*r + 177. What is the remainder when r is divided by 17?
8
Let x(g) = -g + 4. What is the remainder when 34 is divided by x(-3)?
6
Suppose 5*z - 15 = -0*z. Let y = 21 - z. What is the remainder when (-200)/(-6) - (-4)/6 is divided by y?
16
Let r = 55 + -39. Suppose 3*f + 12 - 102 = 0. Calculate the remainder when f is divided by r.
14
Let x = -82 - -123. Calculate the remainder when x is divided by 9.
5
Suppose 5*t + 8 - 88 = 0. Calculate the remainder when 3 is divided by (-2 + t/10)*-5.
1
Let p = 27 - 13. Calculate the remainder when p is divided by (3/(-3))/(1 + -2) + 4.
4
Let v(f) = 3*f**2 + 7*f - 1. Calculate the remainder when 22 is divided by v(-3).
2
What is the remainder when (3/12)/(3/636) is divided by 14?
11
Let v(l) = -l + 8. Suppose 6*y - y = 0. Let m be v(y). Suppose -4*w - m = 0, 0 = 2*z - 3*w + 8 - 36. Calculate the remainder when 32 is divided by z.
10
Let d(r) = -r**3 - 5*r**2 + 4*r + 8. Suppose -3*f - 19 = -1. What is the remainder when d(-6) is divided by 158/22 - f/(-33)?
6
Let z(j) be the third derivative of -2*j**2 + 0*j + 0 + 1/3*j**3 + 1/4*j**4. What is the remainder when 41 is divided by z(2)?
13
Suppose 0 = 4*t + 3*t - 42. What is the remainder when 20 is divided by t?
2
What is the remainder when 3 + 626/6*(-8 + 11) is divided by 53?
51
Let u be 10/(2/(-1*4)). Let z = 12 - 64. Let c = u - z. Calculate the remainder when c is divided by 11.
10
Let j(g) = -g + 42. Calculate the remainder when j(6) is divided by 11.
3
Let t(s) = s**3 - 6*s**2 + 2*s + 8. Let c = -4 - -8. Suppose 4*z + 309 = c*p + 57, 5*p - 2*z - 300 = 0. Calculate the remainder when p is divided by t(6).
18
Suppose 2*s + 85 = 5*h - 193, 0 = 5*s + 20. Let j be (2 + -1 + 51)/2. Suppose 0 = 4*v - j - h. What is the remainder when 59 is divided by v?
19
Suppose 8 - 1 = j. What is the remainder when 18 is divided by j?
4
Let o(z) = z**2 - 1. Let y be o(3). Let a = y - 7. Suppose -8 + a = -x. What is the remainder when x is divided by 3?
1
Suppose -5*u + 110 = 5*j, 4*u + 55 + 17 = 4*j. What is the remainder when 98 is divided by j?
18
Let a be 144/2 + (-1 - -1). Let d = -46 + a. Suppose -3*k = -d + 8. Calculate the remainder when k is divided by 4.
2
Let n(x) = 4*x**2 - x - 29. What is the remainder when n(6) is divided by 28?
25
Let l(z) = -z**3 + 5*z**2 + z - 5. Let t(w) = w + 8. Let g be t(-7). Let p be 1 - -3 - (g - 1). Calculate the remainder when 43 is divided by l(p).
13
Let l = 7 + -5. Suppose -l*d + 12 = d. What is the remainder when 10 is divided by d?
2
Suppose 0*k - 56 = -4*k. What is the remainder when (-78)/(-2) - (0 + -1) is divided by k?
12
Let w(h) = h**3 - 7*h**2 + 6*h. Let y be w(6). Suppose y = k - 25 - 33. Calculate the remainder when k is divided by 15.
13
Let q = 66 - 41. What is the remainder when q is divided by 9?
7
Suppose w = 5*w - 60. Let l(y) = -6*y - 3. Let a(h) = h - 11. Let o be a(9). Calculate the remainder when w is divided by l(o).
6
Let n = 31 + -18. Suppose 4*s + 12 = k, -2*k + 2*s + 114 = 3*k. Calculate the remainder when k is divided by n.
11
Let k = -62 + -12. Let a be (-14)/49 + k/(-14). Suppose 3*c = -2*z - c + 20, a*z + 5*c - 60 = 0. Calculate the remainder when z is divided by 5.
4
Let o be (-4)/(-18) - (-122)/18. Let l be 0 + o + (-4)/(-2). What is the remainder when 28 is divided by 1*l - (-1 + 0)?
8
Suppose 0 = -4*l - l + 65. What is the remainder when 0 + -2*(-74)/4 is divided by l?
11
Suppose -3*t = -5*u - 97, -t = 2*t + 4*u - 79. What is the remainder when t is divided by 8?
5
Let z(o) = -89*o - 1. Let d be z(-1). Let t = d - 51. Suppose 2*l - 2*j - 3 - 13 = 0, 4*j = -5*l + 85. What is the remainder when t is divided by l?
11
Calculate the remainder when 0 + 2 - (-1694)/7 is divided by 41.
39
Let d(t) = t**2 + 4*t - 10. Let n(r) = r**2 - 6*r + 1. What is the remainder when d(-8) is divided by n(7)?
6
Let g = -21 + 26. What is the remainder when 12 is divided by g?
2
Let c(m) = -23*m**3 - m**2 + 1. Suppose 2*g = -4*v + 24, -4*g - 6*v = -4*v - 48. Calculate the remainder when c(-1) is divided by g.
11
Let b = 13 - -3. Let r(x) = x + 2. Let a be r(4). Calculate the remainder when b is divided by 1*(a + -1) + 1.
4
Let a be (4/(-12))/(1/(-93)). What is the remainder when (2 - 1)*(a + 0) is divided by 11?
9
Suppose 0 = 3*n - 3*z - 132, -z + 5*z = 12. What is the remainder when 187 is divided by n?
46
Let x be ((-196)/35)/(4/(-10)). Suppose -2*d - 2 = 0, -d - x = -5*w + 22. What is the remainder when w is divided by 3?
1
What is the remainder when 18 is divided by 1/(-2) - ((-2856)/(-16))/(-17)?
8
Let x(r) = -r + 26. Let u = 20 + 11. Calculate the remainder when u is divided by x(15).
9
Let x(c) = -88*c + 2. Calculate the remainder when x(-1) is divided by 23.
21
Let f(u) = 14*u - 4. Let w be f(8). Let s = w - 74. Suppose -5*n + n = x - s, 2*x - 44 = -5*n. What is the remainder when 23 is divided by n?
7
Let t be (12 - 2)*(-11)/(-2). Suppose t = 6*s - s. Calculate the remainder when s is divided by (6/(-5))/((-6)/15).
2
Let s = -48 + 215. What is the remainder when s is divided by 21?
20
Let l = 38 + -26. Let o = l + 4. Calculate the remainder when 30 is divided by o.
14
Suppose 5*f + 4*p = 465, f - 3*p - 117 = p. Calculate the remainder when f is divided by 20.
17
Suppose -4*l + 15 = -21. Let g = -5 - -5. Suppose g = -4*n - 43 + 111. What is the remainder when n is divided by l?
8
Suppose -2*r = 3*y - 32, -2*y + 2*r + 38 = -0*r. What is the remainder when 53 is divided by y?
11
Suppose 0 = -x + 2*q - 2, x = -4*x + 5*q + 15. Calculate the remainder when 46 is divided by x.
6
Let w = 51 + -71. Let a = 27 + w. Calculate the remainder when 19 is divided by a.
5
Let c(g) = -g**3 - 9*g**2 - 23*g - 6. What is the remainder when c(-5) is divided by 7?
2
Let z = -9 + 12. Suppose -f - a = 2*a - 20, 4*f = -z*a + 107. Calculate the remainder when f is divided by 15.
14
Suppose 8*i + 30 = 10*i. What is the remainder when i is divided by 4?
3
Calculate the remainder when 43 is divided by ((-52)/12)/((1 + 1)/(-6)).
4
Suppose -d + 7 = -4*y - 0*d, 2*d + 10 = -4*y. Let v(a) = -a**2 - 4*a - 1. Let b be v(y). Suppose -48 = -b*w + w. What is the remainder when w is divided by 13?
11
Suppose y + 5*q + 10 = 0, 6*q - 25 = -3*y + 2*q. What is the remainder when 72 is divided by y?
12
Let d(a) = 2*a**3 - 15*a**2 - 15*a - 8. Let c(r) = r**3 - 7*r**2 - 7*r - 4. Let j(g) = -7*c(g) + 3*d(g). What is the remainder when 38 is divided by j(4)?
18
Suppose -2*b = 4*y - 16, 4*y - 4 + 0 = 0. Calculate the remainder when 11 is divided by b.
5
Let d(s) = s**2 + 3. Let g be d(0). Suppose 0 = -3*j + j - 3*y + 41, 0 = 2*j - 4*y - 20. What is the remainder when (9 + 0)/(g/10) is divided by j?
14
What is the remainder when 1 + -2 - (2 + -5 + -57) is divided by 22?
15
Suppose -3*b - 9 = -27. Suppose -b - 5 = -p. Calculate the remainder when 21 is divided by p.
10
Let z = -121 - -136. What is the remainder when z is divided by 7?
1
Suppose y - 10 = 4